- 93 = -u. What are the prime factors of u?
2, 13
Suppose 5 = 5*o + 25. Let h be (o - 117/(-12))*4. Let x = h + 149. List the prime factors of x.
2, 43
Let w(u) = u**2 + 2*u - 13. Let p be w(-5). Suppose 9*i - p*i = 0. Suppose i = -3*q - 2*v + 60 + 29, -3*q = -5*v - 61. What are the prime factors of q?
3
Let f(p) = -14*p**2 + 26*p - 45. Let c(k) = -k. Let u(h) = c(h) + f(h). Let s(m) be the first derivative of u(m). What are the prime factors of s(-6)?
193
Let w = -1975 - -1133. Let c = w - -1441. List the prime factors of c.
599
Suppose 29*b = 27*b - 4, -2*b - 43 = -3*w. Let n be 2 + (-1 + 2 - -1557). Suppose -w*v - 208 = -n. What are the prime factors of v?
2, 13
Let p be (92/23)/(2 - 0). Let g(n) = -2*n + 1. Let o be g(-1). Suppose 5*i + 990 = o*y + p*y, 4*y - 5*i = 792. List the prime factors of y.
2, 3, 11
Suppose 3*h + 4*g + 148 = 0, -2*h - 60*g + 61*g - 95 = 0. What are the prime factors of (-11817)/78*h/9?
2, 101
Suppose -2*m + 6315 = 6*d - 7*d, -5*d = -2*m + 6303. What are the prime factors of m?
3, 13
Let l(r) = 4*r + 2. Let i be l(4). Suppose -i*o + 15*o = -426. What are the prime factors of o?
2, 71
Let k = 11 + -8. Suppose 22 = 23*g - 12*g. Suppose 4*w + k*d - 369 = 0, g*d - 59 = -3*w + 218. List the prime factors of w.
3, 31
Let l be 2 + -1 + 10 - 1. Let a = -747 + 747. Suppose -2*k - 5*g + l + 39 = a, 4*g - 8 = k. What are the prime factors of k?
2, 3
List the prime factors of ((-133209)/95)/((-15)/200).
2, 3, 19, 41
Let c = -8 + -1. Let a(h) be the first derivative of 2*h**3/3 - 3*h**2 + 34*h - 9510. What are the prime factors of a(c)?
2, 5
Suppose 4*a - 5*t - 76895 = 0, 79*a + t + 76867 = 83*a. What are the prime factors of a?
3, 5, 7, 61
List the prime factors of 3 - ((-32)/56 + 112472/(-7)).
3, 11, 487
Let i(h) = -2*h**2 + 6*h + 79. Let j be i(-5). List the prime factors of ((-2)/j - -1)/(2/278).
3, 139
Let f be 13 - 12*((-5)/(-15))/1. What are the prime factors of (5478/(-9))/(4 + (-42)/f)?
11, 83
Let r be 1718/6 - (-4)/6. Let u = -182 + r. Suppose z - 6*z = -u. List the prime factors of z.
3, 7
Let c(t) = t**2 + 11*t + 12 + 2*t - 12*t + 8*t. Let n be c(-9). Suppose n*j - 1424 = 4*j. List the prime factors of j.
2, 89
Let f(h) = h**2 + 2*h - 31. Let s(w) = -w**2 - 4*w - 5. Let y be (4/2 - (-208)/(-64))*4. Let a be s(y). List the prime factors of f(a).
7
Let b(o) = 195*o**2 + 50*o - 26. List the prime factors of b(9).
7, 331
Suppose -s + 15 = -6. Suppose f + s = 8*f. What are the prime factors of (1/f)/((-10)/(-60))?
2
Let r(z) = 873*z**3 - z**2 - 2*z - 2. Suppose -a = 21 - 20. Let b be r(a). List the prime factors of 1/2 + b/(-4).
3, 73
Suppose -3*z - 5 = -26. Let t(s) = s**2 + 32*s - 98. Let h be t(-35). Suppose -h*l - z*l = -1316. What are the prime factors of l?
2, 47
Suppose 20*g = 18*g - 1378. Let a = -277 - g. What are the prime factors of a?
2, 103
Let r(l) = 25*l - 19. Let i(t) = -131*t + 70. Let f(s) = 44*s - 23. Let x(a) = -17*f(a) - 6*i(a). Let c(p) = -8*r(p) + 5*x(p). List the prime factors of c(-5).
3, 19
Let x be (-140)/6*6/5. Let r = 73 + x. Suppose -4*u + 12 = -2*v - 186, -u - 4*v = -r. What are the prime factors of u?
7
Suppose 12962 = 3*b - g, 6*g = 4*g - 10. Suppose -5*a = u - b, 4*a + u - 3464 = -2*u. What are the prime factors of a?
863
What are the prime factors of 1 - -2 - (-2186 + 50/(-10))?
2, 1097
Let j = 439 - 461. Suppose 3*c + 147 = 6. Let y = j - c. What are the prime factors of y?
5
Suppose 26*h = 5*l + 21*h - 25, -3*l + 4*h = -15. Suppose 4217 - 1055 = 4*u + q, l*u + 2*q = 3951. What are the prime factors of u?
7, 113
Let c be 3/12 + (-140)/(-16). Let v be (-7)/(21/12) + c. Suppose -272 - 465 = -v*n - 4*w, -287 = -2*n + w. What are the prime factors of n?
5, 29
Let d = 10 - 6. Suppose -q + d*n = -50, -5*n + 35 = 3*q - q. Suppose 4*s - q = -w, 4*w - 5*s = 118 - 19. What are the prime factors of w?
2, 13
Suppose p + 5*v - 19 = 0, -3*p + 4*p + v - 7 = 0. Suppose 713 - 33 = p*n. Suppose -n = -f - c, -3*f - c = -298 - 208. List the prime factors of f.
2, 3, 7
Let v = -29 + 27. Let p be -1 + -3*v/1. Suppose 0 = -11*y + p*y + 210. What are the prime factors of y?
5, 7
Let x(f) be the first derivative of -3*f**4/4 + f**3/3 + 9*f**2 + 6*f - 20. What are the prime factors of x(-5)?
2, 79
Let x(o) = o**2 + o - 9. Let j be x(0). Let q be (-27)/6*4/j. Let w(s) = 9*s**3 + 2*s**2 - 2*s. What are the prime factors of w(q)?
2, 19
Let i(d) = 1384*d**2 - 17*d - 95. What are the prime factors of i(-5)?
2, 3, 5, 1153
Suppose 21*f + 3*x + 1510 = 22*f, 2*f - 3018 = 4*x. What are the prime factors of f?
11, 137
Suppose 2*r - 4*b = 850, 2*b - 2180 = -5*r + b. Let n = r + -185. What are the prime factors of n?
2, 5
Suppose 2*o = 7*o + 20, o = -4*u - 4. What are the prime factors of 1329*(u - -1) - (-190 - -196)?
3, 7
Suppose 6693172 = 241*g + 1336465. What are the prime factors of g?
3, 31, 239
Suppose -206*m - 60 = -209*m. What are the prime factors of 17/85 + 14*994/m?
2, 3, 29
Let r(c) = 2*c**3 + 61*c**2 - 8*c - 13. List the prime factors of r(-18).
8231
Let p(t) = 216*t - 75. Let r be p(7). Let w be (0 - (7 - -1))*4563/(-108). Suppose 0 = -7*d - w + r. List the prime factors of d.
157
Let w be ((-10)/30)/(2/(-6)). Suppose 5*s + 6 = -9. List the prime factors of 27 + 3 + w - (s - 0).
2, 17
Let z(k) = -k**2 - 18*k - 21. Let i be z(-15). Let f be 50/3*612/i. Suppose 5*n = -o - 4*o + f, 2*o = 5*n + 156. What are the prime factors of o?
83
Let a = -16561 - -42121. List the prime factors of a.
2, 3, 5, 71
Let m = -704 + 702. List the prime factors of (-5)/45*-1671 - m/(-3).
5, 37
Suppose -14610 = 16*t - t. Let u = -574 - t. What are the prime factors of u?
2, 5
Suppose f = 4*w - 4*f - 3, 2*f + 6 = 0. What are the prime factors of -77*(-5 + w*8/12)?
7, 11
Let f = -94 - -94. Suppose 3*w + f*w = -5*y + 407, 25 = -5*y. List the prime factors of w.
2, 3
Suppose 6*d - 24 = -42. What are the prime factors of 0 + d/((-1)/113*1)?
3, 113
Let s(v) = -673*v + 244. List the prime factors of s(-15).
7, 211
Let q = 10083 + -6600. List the prime factors of q.
3, 43
Suppose -485*o + 51064 = -459*o. What are the prime factors of o?
2, 491
Suppose 118 = v - 231. Let c be 1/7 - v/(-7). What are the prime factors of ((-40)/c)/((-1)/55)?
2, 11
Suppose 0 = 27*v - 28*v + 214. Suppose -2*x - 2*p = 3*x - v, -3*x + 138 = -2*p. What are the prime factors of x?
2, 11
Let j(a) = -a**3 - 5*a**2 + 136*a + 35. List the prime factors of j(-24).
5, 1543
Let f(r) = -r**2 + 31*r. Let u(h) = 10*h - 23. Let v be u(5). List the prime factors of f(v).
2, 3
Let f(z) = 13*z**3 - 2*z**2 + z + 6. Let q be f(4). Let t = 466 - q. What are the prime factors of t/(-12) + 3/18*2?
29
Let a(x) = 1 - x**3 - 84*x**2 - x + 91*x**2 - 2*x + 2 - 5. Let q = 17 - 12. What are the prime factors of a(q)?
3, 11
Suppose 4*w = -5*o + 22, -2*o = 3*w + w - 16. Suppose j = 2*v + 989, w*v - 588 = -j + 376. List the prime factors of j.
11, 89
Let n = -1247 + 1642. What are the prime factors of n?
5, 79
Suppose -127*p + 133*p - 295644 = 0. What are the prime factors of p?
2, 71, 347
Let m(v) = -v**2 - 7*v - 24. Let k be m(-7). Let r be 3 - (-66)/k - 38/(-8). Suppose r*u - 293 = 287. List the prime factors of u.
2, 29
Let j(l) be the second derivative of -17*l**6/360 - 11*l**5/40 + 31*l**4/12 - 20*l. Let c(f) be the third derivative of j(f). List the prime factors of c(-4).
103
Let l(g) = -984*g - 94. What are the prime factors of l(-9)?
2, 13, 337
Suppose 4*g - 1975 = -5*q, 332 + 853 = 3*q + 5*g. Suppose -s = -4*t + 864 - 53, -2*t - 3*s = -q. What are the prime factors of t?
2, 101
Suppose -16 = 6*o - 154. Suppose -o*h = -22884 + 229. List the prime factors of h.
5, 197
Suppose 25*s - 91087 - 46738 = 0. What are the prime factors of s?
37, 149
Suppose 4*l - 3*q = 19818, 5*l + 27*q - 24774 = 30*q. What are the prime factors of l?
2, 3, 7, 59
Let n = 204 + -197. Suppose -p + 1384 = n*p. List the prime factors of p.
173
Let z = -52 + -31. Let j = z + 345. List the prime factors of j.
2, 131
Let t(u) = 2*u**2 + 6*u + 3. Let d be t(-3). Suppose -d*n - 18 + 33 = 0. Suppose n*k - 1096 = -3*k. List the prime factors of k.
137
Let i(k) = 30969*k**2 + 36*k - 27. What are the prime factors of i(1)?
2, 3, 1721
Suppose 4 = 4*z, -z = 5*x - 3010 + 374. Suppose -148 = p - x. List the prime factors of